le of 570?
True
Does 38 divide 5376158?
False
Is 672584 a multiple of 128?
False
Does 90 divide 4218460?
False
Does 142 divide 670610?
False
Is 288313 a multiple of 22?
False
Is 27 a factor of 54621?
True
Does 293 divide 107824?
True
Is 15986100 a multiple of 34?
False
Is 874 a factor of 9372689?
False
Is 84 a factor of 27060012?
True
Does 5 divide 502209?
False
Is 82 a factor of 1014807?
False
Does 156 divide 38688?
True
Does 202 divide 4013171?
False
Is 8 a factor of 1174232?
True
Is 265 a factor of 549345?
True
Is 99 a factor of 3069594?
True
Is 42 a factor of 12939234?
True
Does 10 divide 190850?
True
Is 4744765 a multiple of 13?
False
Is 23960 a multiple of 6?
False
Is 1007914 a multiple of 127?
False
Is 385875 a multiple of 175?
True
Does 15 divide 284625?
True
Is 29 a factor of 4948676?
True
Does 58 divide 111650?
True
Does 53 divide 384674?
True
Is 89 a factor of 56604?
True
Is 15738 a multiple of 86?
True
Does 43 divide 2735316?
True
Is 496798 a multiple of 18?
False
Is 13210 a multiple of 97?
False
Is 34838 even?
True
Is 30 a factor of 2939820?
True
Is 18 a factor of 209033?
False
Is 311 a factor of 1879373?
True
Is 42 a factor of 12374732?
False
Is 8 a factor of 244488?
True
Does 4 divide 14118?
False
Does 4 divide 199848?
True
Is 1339943 a multiple of 672?
False
Is 7 a factor of 1047011?
True
Does 18 divide 86945?
False
Does 17 divide 751564?
False
Is 307997 a multiple of 431?
False
Is 1754308 a multiple of 8?
False
Does 158 divide 152786?
True
Is 202 a factor of 1869106?
True
Is 299640 a multiple of 5?
True
Does 54 divide 10539072?
True
Is 174514 a multiple of 371?
False
Is 10329 a multiple of 10?
False
Is 528 a factor of 12809385?
False
Does 9 divide 4785345?
True
Is 6081291 a multiple of 94?
False
Is 43722 a multiple of 50?
False
Does 4 divide 33285?
False
Is 76 a factor of 39368?
True
Is 151392 a multiple of 228?
True
Is 10 a factor of 1549540?
True
Does 106 divide 177126?
True
Is 99 a factor of 45337?
False
Is 50232 a multiple of 78?
True
Is 117 a factor of 730899?
True
Is 60 a factor of 12444?
False
Is 545 a factor of 47884?
False
Is 705808 a multiple of 4?
True
Does 21 divide 1491?
True
Is 31099 even?
False
Is 75 a factor of 37008?
False
Does 541 divide 9852151?
True
Is 6 a factor of 64740?
True
Is 97 a factor of 232870?
False
Does 45 divide 631995?
False
Does 23 divide 4168946?
False
Is 5807153 a multiple of 26?
False
Does 11 divide 605704?
True
Is 6711705 a multiple of 39?
True
Is 5 a factor of 132974?
False
Does 70 divide 77700?
True
Is 12 a factor of 282024?
True
Is 302214 a multiple of 114?
True
Does 5 divide 4491415?
True
Is 106527 a multiple of 9?
False
Does 9 divide 5015970?
True
Is 3 a factor of 1429775?
False
Is 205 a factor of 1333156?
False
Is 48 a factor of 467520?
True
Does 5 divide 231222?
False
Does 7 divide 105?
True
Is 5770546 a multiple of 59?
False
Is 95 a factor of 6706042?
False
Is 16 a factor of 134045?
False
Is 6137054 a multiple of 11?
True
Is 247 a factor of 110211?
False
Does 31 divide 3175609?
True
Is 2594469 a multiple of 148?
False
Is 266830 a multiple of 10?
True
Does 3 divide 1243634?
False
Does 17 divide 1391003?
False
Does 661 divide 265061?
True
Is 127 a factor of 369716?
False
Does 143 divide 514943?
True
Is 273486 a multiple of 21?
False
Is 52676 a multiple of 105?
False
Is 718562 a multiple of 9?
False
Is 12 a factor of 13210548?
True
Is 312 a factor of 15288?
True
Does 253 divide 1351256?
False
Does 29 divide 142593?
True
Is 9 a factor of 390465?
True
Is 1254708 a multiple of 273?
True
Does 23 divide 266432?
True
Does 281 divide 23323?
True
Is 220039 a multiple of 37?
True
Does 9 divide 8707?
False
Is 31 a factor of 285138?
True
Is 14 a factor of 11439491?
False
Is 810925 a multiple of 199?
True
Is 98655 a multiple of 319?
False
Does 61 divide 30195?
True
Is 3 a factor of 3647?
False
Is 4 a factor of 246602?
False
Is 2239245 a multiple of 27?
True
Does 20 divide 8342240?
True
Is 6 a factor of 185352?
True
Is 2267259 a multiple of 259?
False
Does 162 divide 45364?
False
Is 10 a factor of 772327?
False
Does 202 divide 257122?
False
Does 54 divide 1329512?
False
Does 304 divide 251104?
True
Does 35 divide 340235?
True
Is 4 a factor of 14640?
True
Is 18 a factor of 34020?
True
Is 1289 a factor of 11210671?
False
Is 354996 a multiple of 38?
True
Is 323 a factor of 104135?
False
Is 32 a factor of 705121?
False
Is 40 a factor of 1005850?
False
Is 113074 a multiple of 77?
False
Is 7 a factor of 14845?
False
Is 40 a factor of 16138?
False
Is 3 a factor of 272112?
True
Is 20 a factor of 304640?
True
Is 3018202 a multiple of 2?
True
Does 51 divide 448325?
False
Is 1490882 a multiple of 384?
False
Does 18 divide 536156?
False
Is 1281017 a multiple of 163?
True
Does 572 divide 148935?
False
Does 151 divide 15704?
True
Does 3 divide 104178?
True
Is 8267132 a multiple of 7?
False
Is 92629 a multiple of 13?
False
Is 644006 a multiple of 11?
True
Is 25 a factor of 3105275?
True
Does 630 divide 1696489?
False
Does 34 divide 9882398?
False
Does 50 divide 853400?
True
Is 14 a factor of 125076?
True
Is 70 a factor of 8541842?
False
Is 25032 a multiple of 7?
True
Is 106 a factor of 54767?
False
Does 13 divide 295178?
True
Is 116200 a multiple of 175?
True
Is 100423 a multiple of 28?
False
Does 567 divide 410508?
True
Does 19 divide 823386?
False
Is 30 a factor of 14070?
True
Does 55 divide 1341754?
False
Does 33 divide 720588?
True
Is 6 a factor of 382620?
True
Is 483964 a multiple of 342?
False
Is 7213530 a multiple of 1934?
False
Is 592671 a multiple of 33?
False
Does 4 divide 2806983?
False
Is 41952 a multiple of 8?
True
Does 23 divide 396520?
True
Is 15 a factor of 20954?
False
Does 230 divide 514510?
True
Is 49 a factor of 275282?
True
Does 24 divide 1478142?
False
Is 117030 a multiple of 141?
True
Does 12 divide 1332008?
False
Is 2528136 a multiple of 222?
True
Is 1160 a factor of 3599480?
True
Is 160160 a multiple of 10?
True
Does 564 divide 282564?
True
Is 18 a factor of 455648?
False
Is 492 a factor of 1921333?
False
Does 416 divide 437632?
True
Is 127373 a multiple of 149?
False
Is 95 a factor of 1870075?
True
Is 982750 a multiple of 50?
True
Is 243 a factor of 2775060?
True
Is 5872514 a multiple of 424?
False
Does 19 divide 257678?
True
Does 21 divide 153531?
True
Does 112 divide 3764833?
False
Does 130 divide 608010?
True
Is 7 a factor of 1305118?
False
Is 236700 a multiple of 450?
True
Is 260 a factor of 2308800?
True
Is 579690 a multiple of 378?
False
Is 2 a factor of 10408?
True
Is 155 a factor of 763840?
True
Does 685 divide 458950?
True
Does 10 divide 1551878?
False
Is 36 a factor of 76908?
False
Is 3 a factor of 539516?
False
Is 10 a factor of 173020?
True
Is 341 a factor of 263934?
True
Does 434 divide 11300492?
True
Is 6574 even?
True
Is 74726 a multiple of 11?
False
Is 9 a factor of 583809?
False
Does 118 divide 108442?
True
Is 51 a factor of 8927091?
True
Is 379472 a multiple of 563?
False
Is 10 a factor of 784700?
True
Is 1751128 a multiple of 46?
True
Is 4381134 a multiple of 129?
False
Does 350 divide 700?
True
Is 82 a factor of 131036?
True
Does 404 divide 1135240?
True
Is 38 a factor of 95528?
False
Is 86255 a multiple of 12?
False
Is 264066 a multiple of 238?
False
Does 455 divide 165165?
True
Is 1257072 a multiple of 33?
False
Is 29 a factor of 184556?
True
Is 86 a factor of 6384210?
True
Does 114 divide 374268?
False
Is 5732099 a multiple of 323?
False
Does 12 divide 241488?
True
Is 8189002 a multiple of 21?
False
Is 287960 a multiple of 40?
True
Is 428904 a multiple of 168?
True
Is 5 a factor of 9890324?
False
Does 438 divide 10492388?
False
Does 83 divide 146412?
True
Does 10 divide 754990?
True
Does 507 divide 61854?
True
Is 494723 a multiple of 12?
False
Is 34 a factor of 13891244?
True
Is 27882316 a multiple of 22?
True
Is 222108 a multiple of 166?
True
Is 29 a factor of 565909?
False
Does 15 divide 889005?
True
Is 27 a factor of 2910621?
False
Does 16 divide 2569260?
False
Is 4434174 a multiple of 9?
True
Does 42 divide 696157?
False
Does 202 divide 619515?
False
Is 10131435 a multiple of 22?
False
Does 67 divide 110856?
False
Does 106 divide 72456?
False
Is 42 a factor of 209138?
False
Is 196231 a multiple of 23?
False
Is 8149139 a multiple of 468?
False
Is 5 a facto